17 = t, 11 = y + 3*t + 2. Let b = y + 1. Calculate p(b).
8
Let w be 9*(-3)/(-18)*2. Let v(d) = -d**3 + 4*d**2 - 3*d - 4. Give v(w).
-4
Let w(g) = 4*g - 7. Suppose 12 - 37 = -5*o. Let r(v) = 5*v - 6. Let d(n) = o*r(n) - 6*w(n). Give d(0).
12
Let l(r) = -r**3 - 4*r**2 + 3*r - 7. Let j be l(-5). Suppose 3*b - 43 = 2*x, 7*x = j*b + 4*x - 48. Let g = b + -13. Let s(w) = 4*w**2 + 2*w - 1. Determine s(g).
11
Let q(t) = 4*t**2 - 19*t - 5. Let o(j) = 2*j**2 - 10*j - 3. Let m(i) = 7*o(i) - 4*q(i). What is m(4)?
-9
Let d(n) be the third derivative of n**6/120 - 2*n**5/15 + n**4/4 + 5*n**3/3 - 13*n**2. What is d(7)?
3
Let m be (-2)/(-2) - (11 - 12). Let t(v) = v - m + v**2 + 8 - 5*v + 0*v**2. Determine t(4).
6
Suppose 2*g + 4 = -2*t - g, 0 = -5*t - 2*g + 12. Let y(c) = t*c - 6*c + 6 + 4*c. Calculate y(-6).
-6
Let j be ((-12)/8)/((-6)/4). Let t(u) = 8*u - 4 + 2 + 1 + 0. Determine t(j).
7
Let q(d) = d**2 - 3*d + 2. Let k be q(4). Let m(p) = -7*p + 2. Let x(l) = -6*l + 2. Let o(b) = k*x(b) - 5*m(b). Let z(f) = -f + 6. Let h be z(3). What is o(h)?
-1
Let u(w) = -w**2 - 9*w + 12. Let f = 117 - 126. Determine u(f).
12
Let n(q) = q**2 - 4*q + 4. Suppose -6 = -3*g + 9. Suppose a - g + 1 = 0. Calculate n(a).
4
Let g(m) = -5 + 1 - 5*m**2 + m**3 + 0*m**2. Suppose -6*f + 4*f - 2 = 0. Let a be f - (-3 - -9)*-1. Give g(a).
-4
Suppose 0*a - 27 = -3*a - 3*u, 2*a = 4*u. Let j(s) be the second derivative of -s**4/12 + s**3 - 3*s**2 - 15*s. Calculate j(a).
-6
Suppose 0 = 5*u - 3*m - 77, -4*u + 2*m + 60 = -0*m. Let v(t) = -u*t**2 + 2*t + 9*t**2 - 2*t + 1 + t. What is v(-1)?
-4
Let k(g) = -g**3 + 163 - 348 + 169 + g + 4*g**2 - 3*g**2. Let j = 2 - 2. Give k(j).
-16
Let j(v) = v**3 + 8*v**2 + v - 3. Let d be ((-4)/(-1))/((-16)/32). Determine j(d).
-11
Let w(h) = 2*h - 5. Let t(s) = s**2 + 3*s - 5. Let r = -8 - -3. Let z be t(r). What is w(z)?
5
Let z(f) = -12*f**2 - 3*f - 7. Let m(o) = 24*o**2 + 7*o + 14. Let d(g) = 3*m(g) + 7*z(g). Let l(c) = 4*c**2 + 2. Let x(u) = 2*d(u) + 7*l(u). Determine x(-1).
4
Let i(o) = 2*o + 1. Let t(w) = w**2 + 16*w + 6. Let z(q) = -3*i(q) + t(q). Give z(-9).
-6
Let b(d) be the first derivative of -d**5/20 + d**4/6 + d**3/3 + d**2/2 - d - 1. Let h(t) be the first derivative of b(t). Let i = 2 + 1. Give h(i).
-2
Let z(k) = -6*k + 8 - 3*k + 7*k. What is z(6)?
-4
Suppose 2*n - 2 = n. Let r be n/(-2)*(-1)/(-1). Let d(u) = 7*u**2 - 1. What is d(r)?
6
Let a(u) be the first derivative of -u**5/60 + u**3/3 - u**2/2 + 3. Let z(s) be the second derivative of a(s). Calculate z(-3).
-7
Let p(h) = h - 4. Let w be (-2)/3 + (-33)/(-9). Let r = 4 - 2. Suppose -r*a - 4*u + 14 = 0, 6 = 5*a - w*u - 16. Calculate p(a).
1
Let u(b) = -b - 3. Let l be 0/(2/10*(11 + -6)). Give u(l).
-3
Let c = 10 - 14. Let a(f) be the third derivative of -f**6/120 - f**5/15 + f**4/12 - 2*f**3/3 + f**2. What is a(c)?
-12
Let t(a) be the third derivative of -a**5/60 - a**3 - 6*a**2. What is t(0)?
-6
Let k(y) be the third derivative of 1/12*y**4 + 1/6*y**3 + 0 - y**2 + 0*y + 1/24*y**6 + 1/60*y**5. Suppose -7*q + 3*q - 9 = -s, 4*q + 14 = 2*s. Calculate k(q).
-5
Let x be (8/20)/(6/30). Let m(s) = 9*s - 11. Let z be (1 + 18/(-4))*2. Let r(a) = 5*a - 6. Let v(d) = z*r(d) + 4*m(d). Determine v(x).
0
Suppose -3*q + 4 = -2*i - 7*q, i - 10 = q. Let s = i - 6. Let u = s + 1. Let n(f) = 2*f**2 - f + 1. Calculate n(u).
2
Suppose -12 = -4*a - 0*a. Let s(r) be the first derivative of r**5/60 - r**4/6 - 2*r**3/3 - r**2/2 + 1. Let w(i) be the second derivative of s(i). Give w(a).
-7
Suppose 2*f = 4*y + 12, 2*y = f + 7*y - 6. Let v(z) = z**3 - 5*z**2 - 6*z - 4. Give v(f).
-4
Suppose -2*t = 2*r - 7*r + 9, 4*r - 2*t - 6 = 0. Let h(b) be the first derivative of r*b - b**2 - 2*b + 1 + 2*b**2. Give h(1).
3
Let b(o) = o**3 + 4*o**2 - 5*o + 1. Suppose -4*p + 4 = 44. Let i(j) = -j**2 - 11*j - 5. Let y be i(p). Let m = y - 10. Calculate b(m).
1
Let s(j) = 2*j**3 - 2*j**2 - j - 2. Let a be 7 + -4 + (-5)/1. Let k(q) = -3*q + 12. Let b be k(8). Let v be ((-16)/b)/(a/(-3)). What is s(v)?
4
Suppose -4*a - 35 = -91. Let j be 204/21 + 4/a. Let r(u) = 2*u - j*u**3 - 2*u**2 + 1 + 2*u**2. Determine r(-1).
9
Let h(j) = j**2 + 10*j + 11. Let s be h(-8). Let o(a) = -2*a - 7. Give o(s).
3
Let j(x) be the first derivative of -x**4/12 - 2*x**3/3 + 3*x**2/2 + x + 3. Let q(z) be the first derivative of j(z). What is q(-5)?
-2
Let i = 13 + -2. Let s(l) = 11*l + 1. Let q(y) = 55*y + 6. Let u(r) = i*s(r) - 2*q(r). Calculate u(1).
10
Let x = 22 - 15. Let n(i) = -i**3 + 7*i**2 - i + 3. What is n(x)?
-4
Let q(g) = 2*g - 2. Let t be -5 - (-1 - -2) - -3. Give q(t).
-8
Let z(q) = -3*q - 4*q**2 + 240 - 242 + q**2. What is z(-2)?
-8
Let r(j) = 3 - 6*j**2 - 7 + 5*j**2 - 5*j. Calculate r(-3).
2
Suppose 2*a + 15 = 3. Let x(z) = z - 7. Give x(a).
-13
Suppose 4*q - 6 = 10. Suppose q*g = 2*u + 10, 0 = 4*g - 0*u + u - 7. Let k be (g/3)/(5/(-30)). Let i(t) = t**2 + 4*t - 5. What is i(k)?
-5
Let j(m) = 3*m. Let l = 10 - 10. Let w(r) = -r + 2. Let y be w(l). Give j(y).
6
Let j(g) = g**3 - 2*g**2 - 3*g + 4. Suppose l - 2*u = -2, 4*l - 2*u + 15 = -u. Let v = -1 - l. Calculate j(v).
4
Suppose 0 = 2*n - 3*n + 2. Suppose -n*j = -4*j + 6. Let s(p) = -p + 3*p**2 + 1 - p - 2*p**2. What is s(j)?
4
Let i(o) = 8*o**2 + 14 - 15 + 0*o**2. What is i(1)?
7
Let b(a) = -a + 3. Suppose 2*c - 6*c - 3*z + 37 = 0, 0 = 2*c - z - 11. Give b(c).
-4
Suppose -g = -8*g - 35. Let j(n) = n - 4. Calculate j(g).
-9
Let h(s) be the second derivative of -21*s**5/20 - s**4/12 - s**3/6 + 12*s - 1. Calculate h(-1).
21
Let g(r) be the first derivative of r**2/2 + 7*r + 8. Determine g(0).
7
Let f(w) = -10*w**3 - 1. Let y = -1 + -3. Let s(m) = m + 2. Let a be s(y). Let v(p) = p**3 + 2*p**2 + p + 1. Let z be v(a). What is f(z)?
9
Let u be (-9)/(-90)*16*5/2. Let a(f) = -2*f**2 + 3*f**2 + 1 - 2*f - 6. Calculate a(u).
3
Let s(z) be the second derivative of -1/12*z**4 - z**3 + 2*z + 5/2*z**2 + 0. Let a be s(-6). Let y(k) = 2*k - 7. What is y(a)?
3
Let f(s) = -s - 12. Let d(u) = -2*u + 6. Let w be d(8). Determine f(w).
-2
Let q(c) = -7*c**2 - 5*c. Let i(n) = -15*n**2 - 11*n + 1. Let r(g) = -6*i(g) + 13*q(g). What is r(0)?
-6
Let l = 4 - -1. Let n = l - 5. Let q(d) = -d**2 + 1. Determine q(n).
1
Let u(t) = -t**2 + t + 2. Let l be u(0). Let v(w) = 3*w**3 - w**2 - 2*w - 1. Give v(l).
15
Let d(v) = v + 9. Let c be d(-5). Let w(z) = 4 - c + 3*z. Determine w(-2).
-6
Let h be 0/1 - 2*-1. Let q(i) = 3*i**2 - 1 + 5*i + h - 2*i**2. Let g(v) = -5*v + 1. Let l be g(1). Give q(l).
-3
Let l(t) = t**3 + 6*t**2 - 7*t + 3. Let a be l(-7). Let j(w) = 3*w**a - 4*w**3 - 3 - 2*w**2 + 2 + 3*w. What is j(-3)?
-1
Let m(k) = -4*k - 4. Let c be (-2 + 6)/(-4) - -4. Suppose -12 = 5*v + c. What is m(v)?
8
Suppose -14 - 6 = -4*o. Suppose -2*w = 10, o*x - 5*w = 7 + 3. Let b(m) = m**2 + m**2 + 2*m**2 + 1 + m**3 + m. Calculate b(x).
7
Let p(w) = -w - 13. Let i(m) = -3*m - 27. Let d(f) = 2*i(f) - 5*p(f). Determine d(9).
2
Suppose 6 = -4*i + 2. Let f(b) = b**3 - b**2 - b - 1. Let t(m) = -12*m**3 + 3*m**2 + 5*m + 4. Let v(w) = 3*f(w) + t(w). Determine v(i).
8
Let l(t) be the third derivative of -t**5/12 + t**4/2 + t**3/3 - 3*t**2. Let w(s) = 14*s**2 - 35*s - 5. Let g(h) = -17*l(h) - 6*w(h). Determine g(-6).
-4
Let a(h) = 4*h**3 - 5*h**2 + 2. Let m be a(1). Suppose 1 = 3*o - 2. Let u(j) = 3*j - o + 6*j**2 - j - j. Give u(m).
6
Let n(k) = -k - 2*k + 7*k + 1. Let l be 4/5 + 1/5. Calculate n(l).
5
Let w(h) = -3*h**3 - 8*h**2 - 5*h + 15. Let t(f) = -f**3 - 3*f**2 - 2*f + 5. Let v(m) = -17*t(m) + 6*w(m). Give v(4).
5
Let k = 3 + -2. Let h(n) = 2*n**2 + n - n**2 - k - 7*n**2 - 5*n**2. Give h(1).
-11
Let y = 8 - 8. Suppose y = x + 3*x. Let g(m) = m**3 - 6*m**2 + 6*m + 2. Let v(s) = s**3 - 5*s**2 + 5*s + 2. Let r(j) = -4*g(j) + 5*v(j). Calculate r(x).
2
Let h(q) = 3*q. Suppose 33 = x + 2*x. Let z(c) = -14*c. Let t(n) = x*h(n) + 2*z(n). Give t(-1).
-5
Suppose -2*l - 11 = -1. Let y(n) = 7*n + 7. Let o(p) = 1. Let s(i) = -i + 6. Let u(m) = 21*o(m) - 3*s(m). Let q(b) = l*u(b) + 2*y(b). Give q(3).
-4
Let v(t) = -2*t**2 + t**2 - 4*t + 2*t**2 - 1 + 3*t. Let g be 144/68 - 4/34. Calculate v(g).
1
Let w(x) be the first derivative of -x**2/2 + 2*x + 15. Give w(0).
2
Let p be (3/(-2))/((-9)/(-24)). Let j be -4*2/p*-1. Let l(i) = -i**2 - 1. Give l(j).
